{"id":161,"date":"2023-02-28T13:16:32","date_gmt":"2023-02-28T13:16:32","guid":{"rendered":"https:\/\/www.gmfsocialmediagrow.com\/?page_id=161"},"modified":"2023-02-28T13:18:23","modified_gmt":"2023-02-28T13:18:23","slug":"politicas-de-privacidad","status":"publish","type":"page","link":"https:\/\/www.gmfsocialmediagrow.com\/?page_id=161","title":{"rendered":"Pol\u00edticas de Privacidad"},"content":{"rendered":"\n[et_pb_section fb_built=\u00bb1&#8243; _builder_version=\u00bb4.20.0&#8243; _module_preset=\u00bbdefault\u00bb global_colors_info=\u00bb{}\u00bb theme_builder_area=\u00bbpost_content\u00bb][et_pb_row _builder_version=\u00bb4.20.0&#8243; _module_preset=\u00bbdefault\u00bb global_colors_info=\u00bb{}\u00bb theme_builder_area=\u00bbpost_content\u00bb][et_pb_column type=\u00bb4_4&#8243; _builder_version=\u00bb4.20.0&#8243; _module_preset=\u00bbdefault\u00bb global_colors_info=\u00bb{}\u00bb theme_builder_area=\u00bbpost_content\u00bb][et_pb_text _builder_version=\u00bb4.20.0&#8243; _module_preset=\u00bbdefault\u00bb hover_enabled=\u00bb0&#8243; global_colors_info=\u00bb{}\u00bb theme_builder_area=\u00bbpost_content\u00bb sticky_enabled=\u00bb0&#8243;]<h2><strong>POL\u00cdTICA DE PRIVACIDAD<\/strong><\/h2>\n<p><strong><\/strong><\/p>\n<p><strong><\/strong><\/p>\n<h3>\u00bfQui\u00e9nes Somos?<\/h3>\n<p>La direcci\u00f3n de nuestra web es<span>\u00a0<\/span><strong>https:\/\/www.gmfsocialmediagroup.com<\/strong><\/p>\n<p>&nbsp;<\/p>\n<h3>\u00bfQu\u00e9 datos personales recogemos? y \u00bfPor qu\u00e9 los recogemos?<\/h3>\n<p><strong>1) Formulario de comentarios:<\/strong><span>\u00a0<\/span>Cuando los visitantes dejan comentarios en la web, recopilamos los datos que se muestran en el formulario de comentarios, as\u00ed como la direcci\u00f3n IP del visitante y la cadena de agentes de usuario del navegador para ayudar a la detecci\u00f3n de spam. Una cadena an\u00f3nima creada a partir de tu direcci\u00f3n de correo electr\u00f3nico (tambi\u00e9n llamada hash) puede ser proporcionada al servicio de Gravatar para ver si la est\u00e1 usando.<\/p>\n<p>Despu\u00e9s de la aprobaci\u00f3n de su comentario, la imagen de su perfil es visible para el p\u00fablico en el contexto de su comentario. Los datos personales introducidos en el formulario para insertar estos comentarios ser\u00e1n utilizados exclusivamente para moderarlos y publicarlos, recabando igualmente estos datos que se almacenar\u00e1n en los servidores.<\/p>\n<p><strong>2) Formulario de contacto:<\/strong><span>\u00a0<\/span>Existe un formulario de contacto cuya finalidad es la respuesta de consultas, sugerencias o contacto profesional. En este caso se utilizar\u00e1 la direcci\u00f3n de correo electr\u00f3nico para responder a las mismas y enviar la informaci\u00f3n que el usuario requiera a trav\u00e9s de la web, estos datos se almacenar\u00e1n en los servidores.<\/p>\n<p><strong>3) Cookies:<\/strong><span>\u00a0<\/span>Cuando el usuario se registra o navega en esta web, se almacenan \u201ccookies\u201d. El usuario puede consultar en cualquier momento la pol\u00edtica de cookies para ampliar informaci\u00f3n sobre el uso de cookies y como desactivarlas.<\/p>\n<p><strong>4) Sistemas de rastreo utilizadas en este sitio:<\/strong><span>\u00a0<\/span>Google (Analytics), en <strong>https:\/\/www.gmfsocialmediagroup.com.<\/strong> tambi\u00e9n se estudian las preferencias de sus usuarios, sus caracter\u00edsticas demogr\u00e1ficas, sus patrones de tr\u00e1fico, y otra informaci\u00f3n en conjunto para comprender mejor qui\u00e9nes constituyen su audiencia y qu\u00e9 es lo que esta necesita. El rastreo de las preferencias de nuestros usuarios tambi\u00e9n nos ayuda a mostrarle los avisos publicitarios m\u00e1s relevantes.<\/p>\n<p>5) Asimismo, nos gustar\u00eda informarle que para la captaci\u00f3n de suscriptores y clientes utilizamos Facebook Ads, Instagram Ads, YouTube Ads, Google Ads y Twitter Ads por lo que, al generar un anuncio, se puede segmentar el p\u00fablico por el lugar, datos demogr\u00e1ficos, intereses, etc. por lo que los datos obtenidos por esta plataforma, estar\u00edan sujetos a esta pol\u00edtica de privacidad desde el momento en que el usuario deja sus datos para unirse al bolet\u00edn de nuestra comunidad.<\/p>\n<p>No vamos a compartir, vender, alquilar su informaci\u00f3n personal a otras personas. Compartiremos cierta informaci\u00f3n con los proveedores de servicios de terceros autorizados necesarios para prestarte algunos servicios.<\/p>\n<p>La presente Pol\u00edtica de Privacidad ser\u00e1 v\u00e1lida \u00fanicamente para los datos de car\u00e1cter personal obtenidos en el Sitio Web, no siendo aplicable para aquella informaci\u00f3n recabada por terceros en otras p\u00e1ginas web, incluso si \u00e9stas se encuentran enlazadas por el Sitio Web.<\/p>\n<p>Con ello manifestamos nuestro compromiso a mantener y garantizar sus datos de forma segura mediante la protecci\u00f3n de los datos personales y garantizando el derecho a la privacidad de cada uno de los usuarios de nuestro sitio web.<\/p>\n<p>&nbsp;<\/p>\n<h3>\u00bfCon qui\u00e9n compartimos sus datos?<\/h3>\n<p>Para prestar servicios estrictamente necesarios para el desarrollo de nuestra actividad, https:\/\/www.gmfsocialmediagroup.com\u00a0utiliza los siguientes prestadores bajo sus correspondientes condiciones de privacidad.<\/p>\n<ul>\n<li>Hosting: Dreamhost<\/li>\n<li>Plataforma web: WordPress.Org<\/li>\n<li>Plantilla para WordPress: Divi de Elegant Themes<\/li>\n<li>Privacidad de fuentes de rastreo utilizadas en este sitio: Google (Analytics)<\/li>\n<li>Ads: Facebook, Instagram, Twitter, Youtube y Google<\/li>\n<\/ul>\n<p>En<span> https:\/\/www.gmfsocialmediagroup.com<\/span><span>\u00a0<\/span>tambi\u00e9n se estudian las preferencias de sus usuarios, sus caracter\u00edsticas demogr\u00e1ficas, sus patrones de tr\u00e1fico y otra informaci\u00f3n en conjunto para comprender mejor qui\u00e9nes constituyen nuestra audiencia y qu\u00e9 es lo que necesita. El rastreo de las preferencias de nuestros usuarios tambi\u00e9n nos ayuda a mostrarle los avisos publicitarios m\u00e1s relevantes.<\/p>\n<p>El usuario y, en general, cualquier persona f\u00edsica o jur\u00eddica, podr\u00e1 establecer un hiperenlace o dispositivo t\u00e9cnico de enlace (por ejemplo, links o botones) desde su sitio web a https:\/\/www.gmfsocialmediagroup.com (el \u201cHiperenlace\u201c). El establecimiento del Hiperenlace no implica en ning\u00fan caso la existencia de relaciones entre https:\/\/www.gmfsocialmediagroup.com\u00a0 y el propietario del sitio o de la p\u00e1gina web en la que se establezca el Hiperenlace, ni la aceptaci\u00f3n o aprobaci\u00f3n por parte de https:\/\/www.gmfsocialmediagroup.com de sus contenidos o servicios. En todo caso, https:\/\/www.gmfsocialmediagroup.com se reserva el derecho de prohibir o inutilizar en cualquier momento cualquier Hiperenlace al Sitio Web.<\/p>\n<p>&nbsp;<\/p>\n<h3>\u00bfCu\u00e1nto tiempo conservamos sus datos?<\/h3>\n<p>Si deja un comentario, el mismo y sus metadatos se conservan indefinidamente. Esto es para que podamos reconocer y aprobar comentarios sucesivos autom\u00e1ticamente en lugar de mantenerlos en una cola de moderaci\u00f3n.<\/p>\n<p>De los usuarios que se registran en nuestra web (si los hay), tambi\u00e9n almacenamos la informaci\u00f3n personal que proporcionan en su perfil de usuario. Todos los usuarios pueden ver, editar o eliminar su informaci\u00f3n personal en cualquier momento. Conservaremos sus datos durante el tiempo legalmente establecido o hasta que solicite eliminarlos.<\/p>\n<p>&nbsp;<\/p>\n<h3>\u00bfNo desea recibir informaci\u00f3n de nosotros o desea revocar su consentimiento?<\/h3>\n<p>Puede oponerse al uso de su informaci\u00f3n para fines publicitarios, investigaciones de mercado o desarrollo de encuestas de satisfacci\u00f3n en cualquier momento, as\u00ed como revocar su consentimiento en cualquier momento (sin efecto retroactivo).<\/p>\n<p>Para ello, deber\u00e1 enviar un correo electr\u00f3nico a la direcci\u00f3n hola@gmfsocialmediagroup. Si ha recibido alguna publicidad por correo electr\u00f3nico de https:\/\/www.gmfsocialmediagroup.com, tambi\u00e9n podr\u00e1 oponerse desde dicho correo electr\u00f3nico, pinchando en el enlace incluido en el mismo siguiendo las instrucciones que le sean facilitadas. Otra forma m\u00e1s sencilla ser\u00eda acceder a su cuenta de usuario y seleccionar las opciones correspondientes.<\/p>\n<p>Por favor, tenga en cuenta que nuestros sistemas pueden requerir un lapso que en ning\u00fan caso superar\u00e1 48 horas para que su revocaci\u00f3n se haga efectiva, entendi\u00e9ndose que durante dicho periodo de tiempo puede seguir recibiendo mensajes.<\/p>\n<p>En relaci\u00f3n con la gesti\u00f3n de sus datos asociados a los perfiles sociales de 3EN1 Group: Facebook, Instagram, Twitter y YouTube, el ejercicio del derecho de acceso, depender\u00e1 de la funcionalidad de la red social y las posibilidades de acceso a la informaci\u00f3n de los perfiles de los usuarios. Con relaci\u00f3n a los derechos de acceso y rectificaci\u00f3n, le recomendamos que solo podr\u00e1 satisfacerse en relaci\u00f3n a aquella informaci\u00f3n que se encuentre bajo el control de https:\/\/www.gmfsocialmediagroup.com<\/p>\n<p>Adem\u00e1s, podr\u00e1 dejar de interactuar, seguir o recibir informaci\u00f3n de los perfiles sociales de https:\/\/www.gmfsocialmediagroup.com, eliminar los contenidos que dejen de interesarle o restringir con quien comparte sus conexiones, mediante los mecanismos estipulados en las diferentes redes sociales.<\/p>\n<p>El usuario podr\u00e1 acceder a las pol\u00edticas de privacidad de cada Red Social: Facebook, Instagram, Twitter, YouTube, entre otros, as\u00ed como configurar su perfil para garantizar su privacidad.<\/p>\n<p><a href=\"https:\/\/www.gmfsocialmediagroup.com\">https:\/\/www.gmfsocialmediagroup.com<\/a> anima a los usuarios a familiarizarse con las condiciones de uso de las distintas redes sociales antes de comenzar a usarlas.<\/p>\n<p>&nbsp;<\/p>\n<h3>Responsables del Tratamiento de Datos.<\/h3>\n<p>El responsable del fichero de datos es <a href=\"https:\/\/www.gmfsocialmediagroup.com\">gmfsocialmediagroup.com<\/a>.<\/p>\n<p>Como encargados del tratamiento de datos ajenos al citado responsable: <a href=\"https:\/\/www.gmfsocialmediagroup.com\">gmfsocialmediagroup.com<\/a> ha contratado los servicios de Hosting a Dreamhost, con domicilio en PMB #257, 417 Associated Road, Brea, CA 92821. USA.<\/p>\n<p>&nbsp;<\/p>\n<h3>Modificaci\u00f3n de la Pol\u00edtica de Privacidad.<\/h3>\n<p><a href=\"https:\/\/www.gmfsocialmediagroup.com\">gmfsocialmediagroup.com<\/a>. se reserva el derecho a modificar su Pol\u00edtica de Privacidad, de acuerdo a su propio criterio, motivado por un cambio legislativo, jurisprudencial o doctrinal.<\/p>\n<p>Cualquier modificaci\u00f3n de la Pol\u00edtica de Privacidad ser\u00e1 publicada al menos diez d\u00edas antes de su efectiva aplicaci\u00f3n. El uso de 3en1group.com. despu\u00e9s de dichos cambios, implicar\u00e1 la aceptaci\u00f3n de los mismos.<\/p>\n<p>&nbsp;<\/p>\n<h3>Aceptaci\u00f3n, Consentimiento y Revocabilidad.<\/h3>\n<p>El usuario declara haber sido informado de las condiciones sobre protecci\u00f3n de datos de car\u00e1cter personal, aceptando y consintiendo el tratamiento de los mismos por parte de <a href=\"https:\/\/www.gmfsocialmediagroup.com\">gmfsocialmediagroup.com<\/a> en la forma y para las finalidades indicadas en el aviso legal.<\/p>\n<p>Como bien sabe y le hemos comunicado a lo largo de las presentes pol\u00edticas de privacidad, en cualquier momento podr\u00e1 revocar sus datos, pero siempre sin car\u00e1cter retroactivo.<\/p>[\/et_pb_text][\/et_pb_column][\/et_pb_row][\/et_pb_section]\n","protected":false},"excerpt":{"rendered":"<p>POL\u00cdTICA DE PRIVACIDAD \u00bfQui\u00e9nes Somos? La direcci\u00f3n de nuestra web es\u00a0https:\/\/www.gmfsocialmediagroup.com &nbsp; \u00bfQu\u00e9 datos personales recogemos? y \u00bfPor qu\u00e9 los recogemos? 1) Formulario de comentarios:\u00a0Cuando los visitantes dejan comentarios en la web, recopilamos los datos que se muestran en el formulario de comentarios, as\u00ed como la direcci\u00f3n IP del visitante y la cadena de agentes [&hellip;]<\/p>\n","protected":false},"author":1,"featured_media":0,"parent":0,"menu_order":0,"comment_status":"closed","ping_status":"closed","template":"","meta":{"_et_pb_use_builder":"on","_et_pb_old_content":"","_et_gb_content_width":"","_joinchat":[],"footnotes":""},"class_list":["post-161","page","type-page","status-publish","hentry"],"yoast_head":"<!-- This site is optimized with the Yoast SEO plugin v27.4 - https:\/\/yoast.com\/product\/yoast-seo-wordpress\/ -->\n<title>Pol\u00edticas de Privacidad - Social Media Grow<\/title>\n<meta name=\"description\" content=\"Cuando los visitantes dejan comentarios en la web, recopilamos los datos que se muestran en el formulario de comentarios.\" \/>\n<meta name=\"robots\" content=\"index, follow, max-snippet:-1, max-image-preview:large, max-video-preview:-1\" \/>\n<link rel=\"canonical\" href=\"https:\/\/www.gmfsocialmediagrow.com\/?page_id=161\" \/>\n<meta property=\"og:locale\" content=\"es_ES\" \/>\n<meta property=\"og:type\" content=\"article\" \/>\n<meta property=\"og:title\" content=\"Pol\u00edticas de Privacidad - Social Media Grow\" \/>\n<meta property=\"og:description\" content=\"Cuando los visitantes dejan comentarios en la web, recopilamos los datos que se muestran en el formulario de comentarios.\" \/>\n<meta property=\"og:url\" content=\"https:\/\/www.gmfsocialmediagrow.com\/?page_id=161\" \/>\n<meta property=\"og:site_name\" content=\"Social Media Grow\" \/>\n<meta property=\"article:modified_time\" content=\"2023-02-28T13:18:23+00:00\" \/>\n<meta name=\"twitter:card\" content=\"summary_large_image\" \/>\n<meta name=\"twitter:label1\" content=\"Tiempo de lectura\" \/>\n\t<meta name=\"twitter:data1\" content=\"6 minutos\" \/>\n<script type=\"application\/ld+json\" class=\"yoast-schema-graph\">{\"@context\":\"https:\\\/\\\/schema.org\",\"@graph\":[{\"@type\":\"WebPage\",\"@id\":\"https:\\\/\\\/www.gmfsocialmediagrow.com\\\/?page_id=161\",\"url\":\"https:\\\/\\\/www.gmfsocialmediagrow.com\\\/?page_id=161\",\"name\":\"Pol\u00edticas de Privacidad - Social Media Grow\",\"isPartOf\":{\"@id\":\"https:\\\/\\\/www.gmfsocialmediagrow.com\\\/#website\"},\"datePublished\":\"2023-02-28T13:16:32+00:00\",\"dateModified\":\"2023-02-28T13:18:23+00:00\",\"description\":\"Cuando los visitantes dejan comentarios en la web, recopilamos los datos que se muestran en el formulario de comentarios.\",\"breadcrumb\":{\"@id\":\"https:\\\/\\\/www.gmfsocialmediagrow.com\\\/?page_id=161#breadcrumb\"},\"inLanguage\":\"es\",\"potentialAction\":[{\"@type\":\"ReadAction\",\"target\":[\"https:\\\/\\\/www.gmfsocialmediagrow.com\\\/?page_id=161\"]}]},{\"@type\":\"BreadcrumbList\",\"@id\":\"https:\\\/\\\/www.gmfsocialmediagrow.com\\\/?page_id=161#breadcrumb\",\"itemListElement\":[{\"@type\":\"ListItem\",\"position\":1,\"name\":\"Home\",\"item\":\"https:\\\/\\\/www.gmfsocialmediagrow.com\\\/\"},{\"@type\":\"ListItem\",\"position\":2,\"name\":\"Pol\u00edticas de Privacidad\"}]},{\"@type\":\"WebSite\",\"@id\":\"https:\\\/\\\/www.gmfsocialmediagrow.com\\\/#website\",\"url\":\"https:\\\/\\\/www.gmfsocialmediagrow.com\\\/\",\"name\":\"Social Media Grow\",\"description\":\"Estrategia y Creatividad con visi\u00f3n de crecimiento\",\"publisher\":{\"@id\":\"https:\\\/\\\/www.gmfsocialmediagrow.com\\\/#organization\"},\"potentialAction\":[{\"@type\":\"SearchAction\",\"target\":{\"@type\":\"EntryPoint\",\"urlTemplate\":\"https:\\\/\\\/www.gmfsocialmediagrow.com\\\/?s={search_term_string}\"},\"query-input\":{\"@type\":\"PropertyValueSpecification\",\"valueRequired\":true,\"valueName\":\"search_term_string\"}}],\"inLanguage\":\"es\"},{\"@type\":\"Organization\",\"@id\":\"https:\\\/\\\/www.gmfsocialmediagrow.com\\\/#organization\",\"name\":\"Social Media Grow\",\"url\":\"https:\\\/\\\/www.gmfsocialmediagrow.com\\\/\",\"logo\":{\"@type\":\"ImageObject\",\"inLanguage\":\"es\",\"@id\":\"https:\\\/\\\/www.gmfsocialmediagrow.com\\\/#\\\/schema\\\/logo\\\/image\\\/\",\"url\":\"https:\\\/\\\/www.gmfsocialmediagrow.com\\\/wp-content\\\/uploads\\\/2023\\\/02\\\/GMF-transparente-blanco-1.png\",\"contentUrl\":\"https:\\\/\\\/www.gmfsocialmediagrow.com\\\/wp-content\\\/uploads\\\/2023\\\/02\\\/GMF-transparente-blanco-1.png\",\"width\":1000,\"height\":1000,\"caption\":\"Social Media Grow\"},\"image\":{\"@id\":\"https:\\\/\\\/www.gmfsocialmediagrow.com\\\/#\\\/schema\\\/logo\\\/image\\\/\"}}]}<\/script>\n<!-- \/ Yoast SEO plugin. -->","yoast_head_json":{"title":"Pol\u00edticas de Privacidad - Social Media Grow","description":"Cuando los visitantes dejan comentarios en la web, recopilamos los datos que se muestran en el formulario de comentarios.","robots":{"index":"index","follow":"follow","max-snippet":"max-snippet:-1","max-image-preview":"max-image-preview:large","max-video-preview":"max-video-preview:-1"},"canonical":"https:\/\/www.gmfsocialmediagrow.com\/?page_id=161","og_locale":"es_ES","og_type":"article","og_title":"Pol\u00edticas de Privacidad - Social Media Grow","og_description":"Cuando los visitantes dejan comentarios en la web, recopilamos los datos que se muestran en el formulario de comentarios.","og_url":"https:\/\/www.gmfsocialmediagrow.com\/?page_id=161","og_site_name":"Social Media Grow","article_modified_time":"2023-02-28T13:18:23+00:00","twitter_card":"summary_large_image","twitter_misc":{"Tiempo de lectura":"6 minutos"},"schema":{"@context":"https:\/\/schema.org","@graph":[{"@type":"WebPage","@id":"https:\/\/www.gmfsocialmediagrow.com\/?page_id=161","url":"https:\/\/www.gmfsocialmediagrow.com\/?page_id=161","name":"Pol\u00edticas de Privacidad - Social Media Grow","isPartOf":{"@id":"https:\/\/www.gmfsocialmediagrow.com\/#website"},"datePublished":"2023-02-28T13:16:32+00:00","dateModified":"2023-02-28T13:18:23+00:00","description":"Cuando los visitantes dejan comentarios en la web, recopilamos los datos que se muestran en el formulario de comentarios.","breadcrumb":{"@id":"https:\/\/www.gmfsocialmediagrow.com\/?page_id=161#breadcrumb"},"inLanguage":"es","potentialAction":[{"@type":"ReadAction","target":["https:\/\/www.gmfsocialmediagrow.com\/?page_id=161"]}]},{"@type":"BreadcrumbList","@id":"https:\/\/www.gmfsocialmediagrow.com\/?page_id=161#breadcrumb","itemListElement":[{"@type":"ListItem","position":1,"name":"Home","item":"https:\/\/www.gmfsocialmediagrow.com\/"},{"@type":"ListItem","position":2,"name":"Pol\u00edticas de Privacidad"}]},{"@type":"WebSite","@id":"https:\/\/www.gmfsocialmediagrow.com\/#website","url":"https:\/\/www.gmfsocialmediagrow.com\/","name":"Social Media Grow","description":"Estrategia y Creatividad con visi\u00f3n de crecimiento","publisher":{"@id":"https:\/\/www.gmfsocialmediagrow.com\/#organization"},"potentialAction":[{"@type":"SearchAction","target":{"@type":"EntryPoint","urlTemplate":"https:\/\/www.gmfsocialmediagrow.com\/?s={search_term_string}"},"query-input":{"@type":"PropertyValueSpecification","valueRequired":true,"valueName":"search_term_string"}}],"inLanguage":"es"},{"@type":"Organization","@id":"https:\/\/www.gmfsocialmediagrow.com\/#organization","name":"Social Media Grow","url":"https:\/\/www.gmfsocialmediagrow.com\/","logo":{"@type":"ImageObject","inLanguage":"es","@id":"https:\/\/www.gmfsocialmediagrow.com\/#\/schema\/logo\/image\/","url":"https:\/\/www.gmfsocialmediagrow.com\/wp-content\/uploads\/2023\/02\/GMF-transparente-blanco-1.png","contentUrl":"https:\/\/www.gmfsocialmediagrow.com\/wp-content\/uploads\/2023\/02\/GMF-transparente-blanco-1.png","width":1000,"height":1000,"caption":"Social Media Grow"},"image":{"@id":"https:\/\/www.gmfsocialmediagrow.com\/#\/schema\/logo\/image\/"}}]}},"_links":{"self":[{"href":"https:\/\/www.gmfsocialmediagrow.com\/index.php?rest_route=\/wp\/v2\/pages\/161","targetHints":{"allow":["GET"]}}],"collection":[{"href":"https:\/\/www.gmfsocialmediagrow.com\/index.php?rest_route=\/wp\/v2\/pages"}],"about":[{"href":"https:\/\/www.gmfsocialmediagrow.com\/index.php?rest_route=\/wp\/v2\/types\/page"}],"author":[{"embeddable":true,"href":"https:\/\/www.gmfsocialmediagrow.com\/index.php?rest_route=\/wp\/v2\/users\/1"}],"replies":[{"embeddable":true,"href":"https:\/\/www.gmfsocialmediagrow.com\/index.php?rest_route=%2Fwp%2Fv2%2Fcomments&post=161"}],"version-history":[{"count":4,"href":"https:\/\/www.gmfsocialmediagrow.com\/index.php?rest_route=\/wp\/v2\/pages\/161\/revisions"}],"predecessor-version":[{"id":166,"href":"https:\/\/www.gmfsocialmediagrow.com\/index.php?rest_route=\/wp\/v2\/pages\/161\/revisions\/166"}],"wp:attachment":[{"href":"https:\/\/www.gmfsocialmediagrow.com\/index.php?rest_route=%2Fwp%2Fv2%2Fmedia&parent=161"}],"curies":[{"name":"wp","href":"https:\/\/api.w.org\/{rel}","templated":true}]}}